{"id":111,"date":"2021-05-09T15:40:49","date_gmt":"2021-05-09T13:40:49","guid":{"rendered":"http:\/\/bipbp.powiatlubaczowski.pl\/?page_id=111"},"modified":"2021-05-09T15:40:49","modified_gmt":"2021-05-09T13:40:49","slug":"instrukcja-obslugi","status":"publish","type":"page","link":"http:\/\/bipbp.powiatlubaczowski.pl\/?page_id=111","title":{"rendered":"Instrukcja obs\u0142ugi"},"content":{"rendered":"<div class=\"entry-content\">\n<p>1. Opis element\u00f3w na stronie<\/p>\n<p>Menu przedmiotowe \u2013 menu zawieraj\u0105ce odno\u015bniki do dokument\u00f3w pogrupowanych wed\u0142ug indywidualnych kryteri\u00f3w wystawcy dokument\u00f3w, np. wed\u0142ug struktury organizacyjnej instytucji, jak r\u00f3wnie\u017c odno\u015bniki do dokument\u00f3w pogrupowanych wed\u0142ug kryteri\u00f3w merytorycznych, np. struktury spraw z zakresu kompetencji instytucji.<\/p>\n<p>Instrukcja obs\u0142ugi \u2013 odno\u015bnik do podstrony zawieraj\u0105cej instrukcj\u0119 korzystania z Biuletynu Informacji Publicznej.<\/p>\n<p>Redakcja Biuletynu \u2013 odno\u015bnik do podstrony zawieraj\u0105cej informacj\u0119 o osobach odpowiedzialnych za redagowanie Biuletynu<\/p>\n<p>Rejestr zmian \u2013 odno\u015bnik do podstrony zawieraj\u0105cej informacj\u0119 o zmianach dokonywanych na dokumentach wprowadzonych wcze\u015bniej do Biuletynu.<\/p>\n<p>Szukaj \u2013 okno wyszukiwarki og\u00f3lnej. Wyszukiwanie zaawansowane \u2013 odno\u015bnik do podstrony zawieraj\u0105cej modu\u0142 wyszukiwania zaawansowanego.<\/p>\n<p>2. Nawigacja na stronach Biuletynu Informacji Publicznej odbywa si\u0119 za po\u015brednictwem aktywnych element\u00f3w \u201eMenu\u201d. Klikaj\u0105c w jeden z aktywnych element\u00f3w \u201eMenu przedmiotowego\u201d u\u017cytkownik przechodzi do poszczeg\u00f3lnych katalog\u00f3w przypisanych do wskazanego elementu \u201eMenu\u201d. Na podobnych zasadach odbywa si\u0119 przechodzenie do kolejnych podkatalog\u00f3w. Na stron\u0119 g\u0142\u00f3wn\u0105 przenosi link \u201estrona g\u0142\u00f3wna\u201d dost\u0119pny z ka\u017cdego poziomu Biuletynu.<\/p>\n<p>3. Wyszukiwanie Zawarto\u015b\u0107 Biuletynu mo\u017ce by\u0107 przeszukiwana na dwa sposoby: og\u00f3lny i zaawansowany. Wyszukiwanie og\u00f3lne rozpoczyna si\u0119 po wpisaniu w okno wyszukiwania \u2013 znajduj\u0105ce si\u0119 na ka\u017cdym poziomie Biuletynu \u2013 wyrazu b\u0105d\u017a frazy. Podczas takiego wyszukiwania system przeszukuje wszystkie pola bazy danych, st\u0105d te\u017c w wynikach wyszukiwania mo\u017ce pojawi\u0107 si\u0119 wiele znalezionych pozycji. Wyszukiwanie zaawansowane pozwala na zaw\u0119\u017canie obszaru wyszukiwania.<\/p>\n<\/div>\n","protected":false},"excerpt":{"rendered":"<p>1. Opis element\u00f3w na stronie Menu przedmiotowe \u2013 menu zawieraj\u0105ce odno\u015bniki do dokument\u00f3w pogrupowanych wed\u0142ug indywidualnych kryteri\u00f3w wystawcy dokument\u00f3w, np. wed\u0142ug struktury organizacyjnej instytucji, jak r\u00f3wnie\u017c odno\u015bniki do dokument\u00f3w pogrupowanych wed\u0142ug kryteri\u00f3w merytorycznych, np. struktury spraw z zakresu kompetencji instytucji. Instrukcja obs\u0142ugi \u2013 odno\u015bnik do podstrony zawieraj\u0105cej instrukcj\u0119 korzystania z Biuletynu Informacji Publicznej. Redakcja Biuletynu\u2026 <span class=\"read-more\"><a href=\"http:\/\/bipbp.powiatlubaczowski.pl\/?page_id=111\">Dowiedz si\u0119 wi\u0119cej &raquo;<\/a><\/span><\/p>\n","protected":false},"author":2,"featured_media":0,"parent":0,"menu_order":0,"comment_status":"closed","ping_status":"closed","template":"","meta":[],"_links":{"self":[{"href":"http:\/\/bipbp.powiatlubaczowski.pl\/index.php?rest_route=\/wp\/v2\/pages\/111"}],"collection":[{"href":"http:\/\/bipbp.powiatlubaczowski.pl\/index.php?rest_route=\/wp\/v2\/pages"}],"about":[{"href":"http:\/\/bipbp.powiatlubaczowski.pl\/index.php?rest_route=\/wp\/v2\/types\/page"}],"author":[{"embeddable":true,"href":"http:\/\/bipbp.powiatlubaczowski.pl\/index.php?rest_route=\/wp\/v2\/users\/2"}],"replies":[{"embeddable":true,"href":"http:\/\/bipbp.powiatlubaczowski.pl\/index.php?rest_route=%2Fwp%2Fv2%2Fcomments&post=111"}],"version-history":[{"count":1,"href":"http:\/\/bipbp.powiatlubaczowski.pl\/index.php?rest_route=\/wp\/v2\/pages\/111\/revisions"}],"predecessor-version":[{"id":112,"href":"http:\/\/bipbp.powiatlubaczowski.pl\/index.php?rest_route=\/wp\/v2\/pages\/111\/revisions\/112"}],"wp:attachment":[{"href":"http:\/\/bipbp.powiatlubaczowski.pl\/index.php?rest_route=%2Fwp%2Fv2%2Fmedia&parent=111"}],"curies":[{"name":"wp","href":"https:\/\/api.w.org\/{rel}","templated":true}]}}